t d be (1 + 0)*-1 + (431 - -5). What are the prime factors of ((-4)/(-12))/(1/d)?
5, 29
Suppose -33 = -5*g - 2*o, -5*o + 3 = -g - 3*o. Let y(z) = z**3 - 5*z**2 + 1. Let k be y(g). Suppose 0 = -3*c + 20 + k. List the prime factors of c.
7
Suppose -q + 3*a - 18 = 0, -2*q + 3*a - 22 = -1. Let o be 22*q/(-6)*2. Suppose -4*w - 4*t = -24, -4*t + o = 6*w - 3*w. What are the prime factors of w?
2
Let f(s) = 2*s**2 - 9*s + 6. Let v be f(6). Let i be 32/v + 3/(-9). Suppose y + 4*n + 0 = -i, 0 = 4*y - 4*n - 96. List the prime factors of y.
19
Let t(n) = -n - 8. Let i be t(-3). Let v = i + 25. List the prime factors of v.
2, 5
Suppose -m - 3*m + 3*l = 7, -24 = -2*m - 4*l. Suppose -10 = 3*g - 4*g - m*v, -4*g + 48 = 4*v. Suppose -g - 26 = -2*d. What are the prime factors of d?
2, 5
Let q(w) = 650*w - 18. List the prime factors of q(1).
2, 79
Let s be (-6)/(-15) + (-7810)/25. What are the prime factors of ((-1)/2)/(2/s)?
2, 3, 13
Let v = -34 - -857. List the prime factors of v.
823
What are the prime factors of -1 + 0 + (-16 - -2089)?
2, 7, 37
Let p(d) = d**2 + 14*d + 138. What are the prime factors of p(-21)?
3, 5, 19
Let d(h) = 15*h**2 + 159*h - 50. List the prime factors of d(-21).
2, 1613
Let j = 38 - 42. Let s = j - -40. What are the prime factors of s?
2, 3
What are the prime factors of ((-18)/10)/(30/(-350))?
3, 7
Let m = -31 - 5. List the prime factors of (-151)/(-4) + (-9)/m.
2, 19
Let i(y) = -y**2 - 41*y + 181. List the prime factors of i(-43).
5, 19
Suppose -2*c + c = 0. Let h(q) = 7*q - 7*q**2 + c*q**2 - 3 - 81*q**3 + 82*q**3. What are the prime factors of h(6)?
3
Let w be (-141*10/15)/(-1). Let x = w - 3. What are the prime factors of x?
7, 13
Suppose 7*v = 11159 - 414. What are the prime factors of v?
5, 307
Let p = 19 - 37. Let i be 8/3 + (-6)/p. Suppose 0 = -i*r + 9, -5*f + 2*r = -0*r - 194. What are the prime factors of f?
2, 5
Let p = -4 + 4. Suppose 2*b + b = p. Suppose -88 = -3*f + q, q - 4 + 2 = b. What are the prime factors of f?
2, 3, 5
Let w = 965 + 218. List the prime factors of w.
7, 13
Let h(x) = -x**3 - 10. List the prime factors of h(-8).
2, 251
Let j = 373 + 24. What are the prime factors of j?
397
Suppose -7*s - 4 = -3*s, 0 = 2*t - 2*s. Let c = t + 57. List the prime factors of c.
2, 7
Let r(p) = -p**2 - 4*p - 1. Let y be r(-2). Suppose -y*m - 95 = -4*m. What are the prime factors of m?
5, 19
Suppose 0 = -q + 4*m + 6, -m = 2*q - 5*m - 12. Suppose 0 = -4*f - 9*c + 10*c - 4902, 3*c + 1219 = -f. What are the prime factors of q/39 + f/(-65)?
19
Suppose 4*x + 33 - 107 = -l, -5*l + 4*x + 322 = 0. Let d = l - 26. What are the prime factors of d?
2, 5
Let l(p) = 2*p**2 + 12*p + 26. Let v be l(-5). Suppose -v*x + 294 = -10*x. List the prime factors of x.
7
Let i(c) = 7*c + 3*c - 9 - 5*c. Suppose 39 = 7*m - 4*m. What are the prime factors of i(m)?
2, 7
Let i(w) = -w**2 + 11*w + 12. Let y = 16 + -4. Let k be i(y). Suppose -2*z + 1 = -3*c, k = -z + 3*z - 4*c + 2. What are the prime factors of z?
5
Let q be (-4)/8*(0 - -2). Let c(p) = -p**3 + p**2 + p. Let f be c(q). What are the prime factors of ((10 - f) + 2)*2?
2, 11
Let s be -4*((-540)/16)/5. Suppose 182 - s = 5*l. What are the prime factors of l?
31
List the prime factors of (-6165)/(-4) + 66/(-264).
23, 67
Let j be ((-4)/(-10))/((-9)/45) + -103. Let q = 228 + j. What are the prime factors of q?
3, 41
Suppose 0 = -2*o + 137 - 5. Suppose 0 = -11*z + 8*z + o. List the prime factors of z.
2, 11
Suppose -5*u - 5*q = -10, q - 1 - 1 = u. Suppose u = 2*d - 4*d + 122. List the prime factors of d.
61
Suppose 3*f + 5*w - 687 = -0*f, 4*f - w = 916. List the prime factors of f.
229
Let s be (-4 - -5)/(2/702). Suppose s = -5*t - 379. List the prime factors of t*3*(-2)/12.
73
Suppose 0 = -171*j + 178*j - 9198. What are the prime factors of j?
2, 3, 73
Let v(u) = u**3 - 18*u**2. Let k be v(18). Suppose -5*d - 4*g = -56, -g = -5*d - k*d + 36. What are the prime factors of d?
2
Let g(s) = -112*s + 35. What are the prime factors of g(-5)?
5, 7, 17
Suppose k - 107 - 167 = 0. List the prime factors of k.
2, 137
Suppose -2*m - 12241 = -5*r, -6036 = -4*r + 4*m + 3764. List the prime factors of r.
2447
Let o = -917 + 1635. What are the prime factors of o?
2, 359
Let l(g) be the second derivative of 0 + 1/6*g**4 - 1/2*g**2 - 3*g + 1/6*g**3. List the prime factors of l(-2).
5
Let l(j) = -2*j**2 + 45*j + 3897. What are the prime factors of l(0)?
3, 433
Let g be 98/3 - 6/9. Suppose -p + g = -3*k, 2*k = -5*p - 3*k + 100. Suppose 0 = -2*b + p - 9. List the prime factors of b.
7
Let o(g) = 7*g + 430. What are the prime factors of o(0)?
2, 5, 43
Let d be (0/2)/((-3 - -17)/(-7)). Suppose -2*i - 3*v + 419 = 84, d = 3*v - 9. What are the prime factors of i?
163
Let r(s) = 8*s - 8. Let m be r(14). Suppose g = -3*g + m. What are the prime factors of g?
2, 13
Suppose x - 5*f = 1811, 27*x - 3636 = 25*x - 4*f. What are the prime factors of x?
2, 227
Let l = 9316 + -5261. What are the prime factors of l?
5, 811
Let k = -9 - -11. Let f(z) = 13*z - 3. Let r be f(k). Suppose -r = -m - 5*u, 3*m + m - 56 = -2*u. What are the prime factors of m?
13
Let c = -3 + 6. Let d = -14 + 14. Suppose d = -c*z - 15 + 84. What are the prime factors of z?
23
Let k(m) = -9*m - 9*m**2 + 5 + 8*m**3 - 6*m**3 + 5*m + 8. List the prime factors of k(5).
2, 3
Let m = 75 + -13. Let h = m + 68. List the prime factors of h.
2, 5, 13
What are the prime factors of 16/(-3)*(-198)/12?
2, 11
Let r be 1 + 0 + (-11)/(22/(-676)). Let k = r + -209. What are the prime factors of k?
2, 5, 13
Let y(j) = j**3 + 14*j**2 + 11*j + 18. Let s be 4*(-12)/(-8)*1. Suppose -s = 3*o, 5*v + 82 = 5*o + 27. What are the prime factors of y(v)?
2, 11
Suppose -1245 = -5*k - 2*s, -5*k + 1215 = -2*s - 2*s. Suppose 0 = -6*a + 983 + k. What are the prime factors of a?
5, 41
Let f(i) = -i**2 - 6*i - 6. Let b = -2 + -2. Let d be f(b). Suppose -d*a - 3*s = -56 - 29, 9 = 3*s. List the prime factors of a.
2, 19
Suppose 267 + 205 = 2*i. Let q = i - 9. What are the prime factors of q?
227
Let c = 2013 + -914. What are the prime factors of c?
7, 157
Suppose -o - 4*o - 5*q + 1025 = 0, 0 = -q - 5. List the prime factors of (16/(-10))/((-12)/o).
2, 7
List the prime factors of (-7898)/(-18) + (-24)/(-108).
439
Let t be 3/(-3*(-3)/6). Suppose -k + 31 = z - 123, -5*z + 758 = t*k. What are the prime factors of z?
2, 3, 5
Let d(h) = -225*h - 469. What are the prime factors of d(-9)?
2, 389
Let c(y) = y**3 + 28*y**2 + 34*y - 19. What are the prime factors of c(-26)?
449
Let y = 57 - -57. Let n = y - 62. List the prime factors of n.
2, 13
Let l be 4/10 - 232/(-20). Let h = 14 - l. List the prime factors of h.
2
Let q = -11 + 17. Suppose 2*f - q = -46. Let t = -4 - f. What are the prime factors of t?
2
Let d(h) = 126*h**2 - 7*h - 5. What are the prime factors of d(-3)?
2, 5, 23
Let w(h) = -6*h + 4. Let d be (-2 - (-5 - -2))*-5. What are the prime factors of w(d)?
2, 17
Let h be 0*1/(-4)*2. Suppose 2*l + f - 85 = h, 3 = 11*f - 8*f. What are the prime factors of l?
2, 3, 7
What are the prime factors of (-207867)/(-121) + 5/55?
2, 859
Suppose n - 3327 - 1798 = 0. What are the prime factors of n?
5, 41
Let y(v) = 1050*v - 111. What are the prime factors of y(4)?
3, 29, 47
Let m be ((-3 - -3) + 9)*1. Let l = 32 - m. List the prime factors of l.
23
Suppose 2 + 10 = 3*b. Suppose -i - b*d = -3*i + 14, i = -d + 10. Suppose 0 = -5*g - 4*k + 45, -5*k - 9 = -2*g + i. List the prime factors of g.
3
Suppose 7*o + 16 = 4*f + 2*o, 0 = f + 5*o - 4. Let b(p) = -2*p**2 + 29*p + 8. Let k be b(6). Suppose -f*j = j - k. List the prime factors of j.
2, 11
Let o = -10 + 20. Let z(p) = -p**3 - 15*p**2 + 36*p + 26. Let k be z(-17). List the prime factors of (k/6)/(o/(-120)).
2
Let w be (7 - 4 - -2)*3. Let d = w + -15. Suppose x - 34 - 7 = d. List the prime factors of x.
41
Let t = 1647 + -827. List the prime factors of t.
2, 5, 41
Suppose m - 2*j + 72 = 0, -m = 4*m + j + 316. Let b be m/(-2) + -12 + 9. Let a = -4 + b. What are the prime factors of a?
5
Suppose 0 = -q + 685 - 390. List the prime factors of q.
5, 59
Let i(k) = -6*k - 132. List the prime factors of i(-24).
2, 3
Let c(n) = n + 4. Let t be c(-4). Suppose t = 3*z + 2*f - 125, -z = 3*f - 37 + 7. Let r = z + -26. List the prime factors of r.
19
Let v be 0*(-5 - -4 - -